2617
What are the prime factors of 84779?
17, 4987
What are the prime factors of 88055?
5, 11, 1601
List the prime factors of 134115.
3, 5, 8941
List the prime factors of 1883.
7, 269
List the prime factors of 17083.
11, 1553
What are the prime factors of 6856?
2, 857
What are the prime factors of 12913?
37, 349
What are the prime factors of 4504?
2, 563
What are the prime factors of 104?
2, 13
What are the prime factors of 6925?
5, 277
List the prime factors of 16232.
2, 2029
List the prime factors of 14458.
2, 7229
What are the prime factors of 484?
2, 11
What are the prime factors of 56396?
2, 23, 613
List the prime factors of 12581.
23, 547
List the prime factors of 50102.
2, 13, 41, 47
What are the prime factors of 5925?
3, 5, 79
List the prime factors of 2937.
3, 11, 89
List the prime factors of 1622.
2, 811
List the prime factors of 5673.
3, 31, 61
List the prime factors of 4479.
3, 1493
List the prime factors of 51374.
2, 17, 1511
What are the prime factors of 2125?
5, 17
List the prime factors of 106972.
2, 47, 569
What are the prime factors of 23383?
67, 349
List the prime factors of 133860.
2, 3, 5, 23, 97
What are the prime factors of 20059?
13, 1543
List the prime factors of 56513.
31, 1823
What are the prime factors of 284?
2, 71
List the prime factors of 70715.
5, 14143
List the prime factors of 12820.
2, 5, 641
What are the prime factors of 11378?
2, 5689
List the prime factors of 9469.
17, 557
List the prime factors of 5609.
71, 79
List the prime factors of 14247.
3, 1583
What are the prime factors of 24934?
2, 7, 13, 137
List the prime factors of 30242.
2, 15121
What are the prime factors of 13083?
3, 7, 89
What are the prime factors of 873?
3, 97
What are the prime factors of 457?
457
What are the prime factors of 7986?
2, 3, 11
List the prime factors of 653.
653
What are the prime factors of 17575?
5, 19, 37
List the prime factors of 4081.
7, 11, 53
List the prime factors of 4305.
3, 5, 7, 41
What are the prime factors of 23520?
2, 3, 5, 7
What are the prime factors of 125976?
2, 3, 29, 181
List the prime factors of 85325.
5, 3413
List the prime factors of 427.
7, 61
List the prime factors of 16283.
19, 857
List the prime factors of 9322.
2, 59, 79
What are the prime factors of 36401?
89, 409
What are the prime factors of 902?
2, 11, 41
What are the prime factors of 9019?
29, 311
What are the prime factors of 1919?
19, 101
What are the prime factors of 3591?
3, 7, 19
What are the prime factors of 23481?
3, 2609
What are the prime factors of 28363?
113, 251
List the prime factors of 3976.
2, 7, 71
List the prime factors of 20862.
2, 3, 19, 61
What are the prime factors of 47941?
191, 251
What are the prime factors of 1072?
2, 67
What are the prime factors of 275?
5, 11
What are the prime factors of 28184?
2, 13, 271
List the prime factors of 26340.
2, 3, 5, 439
What are the prime factors of 7907?
7907
List the prime factors of 644.
2, 7, 23
What are the prime factors of 22833?
3, 43, 59
What are the prime factors of 19094?
2, 9547
What are the prime factors of 17899?
7, 2557
What are the prime factors of 705?
3, 5, 47
List the prime factors of 1435.
5, 7, 41
What are the prime factors of 208?
2, 13
What are the prime factors of 8355?
3, 5, 557
List the prime factors of 6184.
2, 773
List the prime factors of 17972.
2, 4493
What are the prime factors of 2800?
2, 5, 7
What are the prime factors of 5489?
11, 499
What are the prime factors of 243?
3
List the prime factors of 587.
587
List the prime factors of 305.
5, 61
What are the prime factors of 22593?
3, 17, 443
What are the prime factors of 4538?
2, 2269
List the prime factors of 27908.
2, 6977
List the prime factors of 19203.
3, 37, 173
What are the prime factors of 3745?
5, 7, 107
What are the prime factors of 1219?
23, 53
What are the prime factors of 9340?
2, 5, 467
List the prime factors of 1330.
2, 5, 7, 19
What are the prime factors of 28786?
2, 37, 389
What are the prime factors of 4953?
3, 13, 127
What are the prime factors of 2079?
3, 7, 11
List the prime factors of 2170.
2, 5, 7, 31
What are the prime factors of 1996?
2, 499
List the prime factors of 1190.
2, 5, 7, 17
What are the prime factors of 19563?
3, 6521
List the prime factors of 72061.
11, 6551
What are the prime factors of 16521?
3, 5507
List the prime factors of 44417.
44417
List the prime factors of 1853.
17, 109
List the prime factors of 4840.
2, 5, 11
What are the prime factors of 1632?
2, 3, 17
What are the prime factors of 24529?
19, 1291
List the prime factors of 33592.
2, 13, 17, 19
List the prime factors of 60672.
2, 3, 79
List the prime factors of 1709.
1709
What are the prime factors of 2044?
2, 7, 73
List the prime factors of 19289.
19289
List the prime factors of 6065.
5, 1213
List the prime factors of 72603.
3, 2689
List the prime factors of 4806.
2, 3, 89
List the prime factors of 3292.
2, 823
What are the prime factors of 68298?
2, 3, 11383
List the prime factors of 5485.
5, 1097
List the prime factors of 6133.
6133
List the prime factors of 634.
2, 317
What are the prime factors of 379?
379
List the prime factors of 112517.
37, 3041
List the prime factors of 13918.
2, 6959
List the prime factors of 915.
3, 5, 61
List the prime factors of 53262.
2, 3, 11, 269
What are the prime factors of 29970?
2, 3, 5, 37
List the prime factors of 495.
3, 5, 11
What are the prime factors of 8603?
7, 1229
List the prime factors of 528.
2, 3, 11
What are the prime factors of 7376?
2, 461
List the prime factors of 1008.
2, 3, 7
List the prime factors of 2815.
5, 563
What are the prime factors of 47827?
13, 283
What are the prime factors of 23174?
2, 11587
List the prime factors of 134959.
11, 12269
List the prime factors of 1721.
1721
List the prime factors of 15567.
3, 5189
List the prime factors of 29026.
2, 23, 631
What are the prime factors of 53329?
17, 3137
List the prime factors of 25541.
25541
What are the prime factors of 8639?
53, 163
What are the prime factors of 7520?
2, 5, 47
List the prime factors of 1002.
2, 3, 167
What are the prime factors of 162422?
2, 13, 6247
List the prime factors of 22313.
53, 421
What are the prime factors of 2094?
2, 3, 349
What are the prime factors of 4361?
7, 89
List the prime factors of 605.
5, 11
What are the prime factors of 6381?
3, 709
List the prime factors of 512.
2
What are the prime factors of 14629?
14629
List the prime factors of 55435.
5, 11087
What are the prime factors of 129052?
2, 7, 11, 419
List the prime factors of 1552.
2, 97
List the prime factors of 19138.
2, 7, 1367
List the prime factors of 1459.
1459
List the prime factors of 53245.
5, 23, 463
What are the prime factors of 122799?
3, 40933
What are the prime factors of 128470?
2, 5, 29, 443
What are the prime factors of 1816?
2, 227
List the prime factors of 12777.
3, 4259
What are the prime factors of 7292?
2, 1823
What are the prime factors of 16941?
3, 5647
What are the prime factors of 4006?
2, 2003
List the prime factors of 2466.
2, 3, 137
What are the prime factors of 868?
2, 7, 31
List the prime factors of 41870.
2, 5, 53, 79
List the prime factors of 33911.
33911
List the prime factors of 4063.
17, 239
What are the prime factors of 80693?
19, 31, 137
List the prime factors of 16589.
53, 313
What are the prime factors of 15215?
5, 17, 179
List the prime factors of 5207.
41, 127
What are the prime factors of 14262?
2, 3, 2377
What are the prime factors of 2798?
2, 1399
List the prime factors of 2424.
2, 3, 101
What are the prime factors of 6488?
2, 811
What are the prime factors of 1579?
1579
What are the prime factors of 41680?
2, 5, 521
List the prime factors of 4094.
2, 23, 89
List the prime factors of 557.
557
What are the prime factors of 31656?
2, 3, 1319
List the prime factors of 346.
2, 173
List the prime factors of 16083.
3, 1787
List the prime factors of 1473.
3, 491
What are the prime factors of 52?
2, 13
List the prime factors of 22915.
5, 4583
What are the prime factors of 46901?
46901
List the prime factors of 39914.
2, 7, 2851
What are the prime factors of 1897?
7, 271
What are the prime factors of 13064?
2, 23, 71
List the prime factors of 189.
3, 7
What are the prime factors of 1659?
3, 7, 79
What are the prime factors of 3599?
59, 61
What are the prime factors